579
List the prime factors of 107169614.
2, 19, 373, 7561
What are the prime factors of 4733258927?
43, 110075789
List the prime factors of 8632881947.
59, 2153, 67961
List the prime factors of 449856837.
3, 2459, 20327
List the prime factors of 76766861.
89, 467, 1847
What are the prime factors of 904962511?
61, 431, 34421
What are the prime factors of 976499476?
2, 2647, 92227
What are the prime factors of 25030713?
3, 8343571
List the prime factors of 81950494.
2, 631, 64937
List the prime factors of 44115842.
2, 22057921
List the prime factors of 73384527.
3, 3499, 6991
List the prime factors of 640031374.
2, 8237, 38851
List the prime factors of 40313421.
3, 19, 235751
List the prime factors of 26026814.
2, 11, 47, 25171
What are the prime factors of 55151764?
2, 13787941
What are the prime factors of 232878400?
2, 5, 145549
List the prime factors of 87924734.
2, 43962367
What are the prime factors of 203279077?
203279077
What are the prime factors of 32041492?
2, 7, 163477
List the prime factors of 260702133.
3, 79, 1100009
What are the prime factors of 11438347?
11438347
List the prime factors of 100400370.
2, 3, 5, 7, 19, 25163
What are the prime factors of 42916262?
2, 17, 73, 17291
What are the prime factors of 131066356?
2, 283, 115783
What are the prime factors of 98655199?
17, 5803247
List the prime factors of 59862270.
2, 3, 5, 13, 17, 9029
What are the prime factors of 6394435696?
2, 11, 79, 41809
List the prime factors of 35205506.
2, 7, 2514679
List the prime factors of 98832147.
3, 149, 221101
List the prime factors of 91073192.
2, 7, 23, 70709
List the prime factors of 14205263.
241, 58943
What are the prime factors of 126983158?
2, 743, 85453
List the prime factors of 76587323.
76587323
What are the prime factors of 1118753084?
2, 3701, 75571
List the prime factors of 7416425381.
1117, 6639593
What are the prime factors of 2096466213?
3, 19, 37, 79, 12583
What are the prime factors of 3066096420?
2, 3, 5, 23, 740603
What are the prime factors of 4173207998?
2, 23, 317, 541
What are the prime factors of 1019131088?
2, 5987, 10639
What are the prime factors of 75912014?
2, 587, 64661
List the prime factors of 1964672770.
2, 5, 19, 173, 59771
What are the prime factors of 234660811?
7, 11, 19, 160397
List the prime factors of 117430275.
3, 5, 1565737
List the prime factors of 937010856.
2, 3, 71, 191, 2879
What are the prime factors of 20377655?
5, 23, 79, 2243
What are the prime factors of 967186614?
2, 3, 161197769
What are the prime factors of 4316458?
2, 19, 113591
List the prime factors of 2803202088.
2, 3, 19, 6147373
What are the prime factors of 506226687?
3, 2053, 82193
List the prime factors of 118997873.
1069, 111317
List the prime factors of 103056267.
3, 61, 563149
List the prime factors of 711444937.
7, 101634991
List the prime factors of 972461414.
2, 486230707
List the prime factors of 141857859.
3, 11, 13, 23, 1307
List the prime factors of 412663799.
83, 563, 8831
List the prime factors of 2116296935.
5, 17, 101, 246511
What are the prime factors of 199617290?
2, 5, 19961729
List the prime factors of 406275228.
2, 3, 113, 99871
What are the prime factors of 1196631269?
2477, 483097
List the prime factors of 208772181.
3, 43, 179821
What are the prime factors of 119504164?
2, 13, 181, 12697
What are the prime factors of 2159436111?
3, 7, 521, 197371
List the prime factors of 3925078892.
2, 7, 23, 29, 73, 2879
What are the prime factors of 33284147?
13, 17, 150607
What are the prime factors of 711233821?
19, 5783, 6473
What are the prime factors of 2368545951?
3, 789515317
What are the prime factors of 236098071?
3, 11, 88327
List the prime factors of 564595062.
2, 3, 37, 2543221
What are the prime factors of 110774196?
2, 3, 13, 257, 307
List the prime factors of 154457790.
2, 3, 5, 1759, 2927
List the prime factors of 7678706324.
2, 31, 1193, 51907
What are the prime factors of 670330616?
2, 83791327
What are the prime factors of 880052220?
2, 3, 5, 23, 212573
List the prime factors of 117576800.
2, 5, 11, 31, 431
List the prime factors of 251938300.
2, 5, 17, 148199
What are the prime factors of 1056007150?
2, 5, 11, 1920013
List the prime factors of 240902062.
2, 120451031
What are the prime factors of 1164372250?
2, 5, 19, 245131
List the prime factors of 130560971.
47, 827, 3359
List the prime factors of 4656526185.
3, 5, 17, 18260887
What are the prime factors of 158644890?
2, 3, 5, 1762721
What are the prime factors of 4254993613?
13, 47, 89, 463
What are the prime factors of 840800415?
3, 5, 7, 13, 615971
List the prime factors of 3898324318.
2, 7, 4937, 56401
List the prime factors of 1019411843.
31, 32884253
What are the prime factors of 4129441?
19, 217339
What are the prime factors of 55876123?
55876123
What are the prime factors of 3278799728?
2, 857, 239119
What are the prime factors of 4060763525?
5, 7, 13, 254993
List the prime factors of 837893891.
837893891
List the prime factors of 238522573.
131, 1820783
List the prime factors of 60841779.
3, 20280593
What are the prime factors of 341706566?
2, 67, 1427, 1787
What are the prime factors of 37413043?
211, 233, 761
List the prime factors of 61688636.
2, 31, 443, 1123
What are the prime factors of 25648818?
2, 3, 13, 17, 23, 29
What are the prime factors of 7598360541?
3, 79, 32060593
List the prime factors of 1106999239.
14657, 75527
What are the prime factors of 27136356?
2, 3, 13, 197, 883
What are the prime factors of 2106035548?
2, 17, 30971111
What are the prime factors of 7477120?
2, 5, 7, 1669
What are the prime factors of 338306399?
338306399
List the prime factors of 4705364302.
2, 2352682151
What are the prime factors of 564322705?
5, 19, 37, 181, 887
What are the prime factors of 69468742?
2, 7, 4962053
List the prime factors of 150143501.
150143501
List the prime factors of 1055269141.
23, 1409, 32563
List the prime factors of 121700316.
2, 3, 1193, 8501
List the prime factors of 356472768.
2, 3, 23, 89, 907
What are the prime factors of 60116736?
2, 3, 78277
What are the prime factors of 107877248?
2, 842791
What are the prime factors of 429460041?
3, 143153347
What are the prime factors of 335499134?
2, 59, 2843213
What are the prime factors of 452502515?
5, 17, 29, 183571
What are the prime factors of 19304341?
7, 241, 11443
What are the prime factors of 270146877?
3, 7, 11, 13, 89959
List the prime factors of 131950685.
5, 17, 677, 2293
What are the prime factors of 3969927461?
4957, 800873
What are the prime factors of 176789601?
3, 983, 6661
What are the prime factors of 72813791?
23, 67, 47251
What are the prime factors of 61690046?
2, 11, 59, 47527
What are the prime factors of 681852775?
5, 431, 63281
What are the prime factors of 6602762649?
3, 7, 4007, 78467
List the prime factors of 49419692.
2, 7, 71, 24859
What are the prime factors of 1416128806?
2, 708064403
What are the prime factors of 316976704?
2, 11, 89, 5059
What are the prime factors of 23596950?
2, 3, 5, 13, 12101
List the prime factors of 52104432.
2, 3, 1085509
What are the prime factors of 14846110?
2, 5, 269, 5519
List the prime factors of 1148018482.
2, 13, 44154557
What are the prime factors of 211399004?
2, 52849751
List the prime factors of 793683055.
5, 11, 14430601
List the prime factors of 202454949.
3, 383, 176201
List the prime factors of 151167930.
2, 3, 5, 5038931
What are the prime factors of 773730619?
877, 882247
What are the prime factors of 349464814?
2, 283, 617429
List the prime factors of 9144782800.
2, 5, 17, 1344821
List the prime factors of 43828416.
2, 3, 76091
What are the prime factors of 24772250?
2, 5, 99089
List the prime factors of 20347782.
2, 3, 7, 13, 83, 449
What are the prime factors of 130794761?
130794761
What are the prime factors of 1882411082?
2, 941205541
What are the prime factors of 55773829?
149, 374321
What are the prime factors of 802154081?
83, 557, 17351
List the prime factors of 297303014.
2, 23, 6463109
List the prime factors of 824358825.
3, 5, 109, 33613
What are the prime factors of 62927630?
2, 5, 59, 106657
What are the prime factors of 6143328509?
179, 2437, 14083
List the prime factors of 156223004.
2, 7, 71, 78583
List the prime factors of 83144826.
2, 3, 1539719
What are the prime factors of 